ue
Is 6743 a composite number?
True
Is 28003 composite?
True
Is 92069 composite?
True
Is 77329 a composite number?
True
Is 23341 a composite number?
True
Is 51257 a composite number?
False
Is 1559057 prime?
True
Is 28195 a prime number?
False
Is 584981 a composite number?
False
Is 4660405 a composite number?
True
Is 6259 prime?
False
Is 2609 prime?
True
Is 12359 a composite number?
True
Is 2179 composite?
False
Is 56365 a prime number?
False
Is 5147 composite?
False
Is 7349 a prime number?
True
Is 3101 composite?
True
Is 25241 a prime number?
False
Is 42505 prime?
False
Is 71587 a prime number?
False
Is 2333 prime?
True
Is 10033 a composite number?
True
Is 28789 a prime number?
True
Is 543 a prime number?
False
Is 44493 a prime number?
False
Is 13849 composite?
True
Is 13777 a composite number?
True
Is 79087 composite?
False
Is 19259 prime?
True
Is 1361 prime?
True
Is 423961 a composite number?
False
Is 375395 a prime number?
False
Is 108913 composite?
True
Is 597913 a composite number?
True
Is 161321 prime?
False
Is 942433 composite?
False
Is 2707 prime?
True
Is 51943 a prime number?
False
Is 43291 prime?
True
Is 163165 a composite number?
True
Is 595393 a prime number?
False
Is 382 composite?
True
Is 142837 a prime number?
True
Is 1880959 composite?
False
Is 17959 a prime number?
True
Is 24307 prime?
False
Is 737 prime?
False
Is 4547 a prime number?
True
Is 440571 a composite number?
True
Is 164399 prime?
False
Is 3943 a composite number?
False
Is 10687 a composite number?
False
Is 83621 a prime number?
True
Is 17033 prime?
True
Is 576671 a prime number?
True
Is 7493 a prime number?
False
Is 22429 prime?
False
Is 44777 composite?
False
Is 109234 composite?
True
Is 40163 composite?
False
Is 34439 composite?
False
Is 971195 a prime number?
False
Is 29303 a composite number?
False
Is 1708977 a prime number?
False
Is 234239 prime?
True
Is 5739 prime?
False
Is 1992181 a prime number?
True
Is 274661 a composite number?
False
Is 77117 prime?
False
Is 7283 prime?
True
Is 89443 a prime number?
True
Is 67103 a prime number?
True
Is 1186517 prime?
True
Is 408286 a prime number?
False
Is 91867 a prime number?
True
Is 6662 a composite number?
True
Is 111937 a composite number?
True
Is 755681 a composite number?
False
Is 283909 prime?
True
Is 17281 a prime number?
False
Is 8817 a composite number?
True
Is 6847 prime?
False
Is 319 prime?
False
Is 38271 composite?
True
Is 18463 prime?
False
Is 1176137 prime?
True
Is 357013 composite?
True
Is 12941 a composite number?
False
Is 701 a prime number?
True
Is 19607 a composite number?
True
Is 9527 composite?
True
Is 8063 prime?
False
Is 520441 prime?
False
Is 33739 a composite number?
False
Is 160117 a composite number?
False
Is 3440929 a prime number?
True
Is 101753 a composite number?
True
Is 47305 a prime number?
False
Is 9799 a prime number?
False
Is 15869 a prime number?
False
Is 8981 prime?
False
Is 20849 a prime number?
True
Is 53231 a composite number?
False
Is 16294 a composite number?
True
Is 145511 composite?
False
Is 656237 composite?
False
Is 8059 composite?
False
Is 12979 composite?
False
Is 10847 composite?
False
Is 331871 a composite number?
False
Is 145241 a composite number?
True
Is 264019 a composite number?
True
Is 13193 a composite number?
True
Is 61507 prime?
True
Is 1516633 prime?
True
Is 877 prime?
True
Is 83891 a composite number?
False
Is 319511 a composite number?
False
Is 28673 prime?
False
Is 52613 a prime number?
False
Is 3943 prime?
True
Is 94811 a composite number?
False
Is 518119 prime?
False
Is 24067 a prime number?
False
Is 1637 a prime number?
True
Is 98351 composite?
True
Is 19099 prime?
False
Is 198019 a prime number?
False
Is 19417 prime?
True
Is 4253 composite?
False
Is 335653 a composite number?
False
Is 48109 composite?
False
Is 10954 a prime number?
False
Is 2095241 a composite number?
True
Is 74231 prime?
True
Is 351965 prime?
False
Is 427213 composite?
False
Is 941 prime?
True
Is 2251 prime?
True
Is 3793 composite?
False
Is 415 a prime number?
False
Is 15053 a composite number?
False
Is 7019 prime?
True
Is 724677 prime?
False
Is 36973 a prime number?
True
Is 184901 a prime number?
True
Is 93683 prime?
True
Is 55921 composite?
False
Is 32689 a composite number?
True
Is 7493 composite?
True
Is 139267 a prime number?
True
Is 133097 composite?
False
Is 42505 a prime number?
False
Is 10601 a composite number?
False
Is 241951 a composite number?
False
Is 65613 composite?
True
Is 650449 prime?
True
Is 1541515 prime?
False
Is 133631 a prime number?
True
Is 161431 a prime number?
False
Is 451873 a prime number?
True
Is 5431 a prime number?
True
Is 15373 a prime number?
True
Is 5483 prime?
True
Is 1205 a prime number?
False
Is 73591 a prime number?
False
Is 958 prime?
False
Is 127123 a composite number?
False
Is 2583331 a prime number?
True
Is 50411 a prime number?
True
Is 6311 prime?
True
Is 2661923 a prime number?
False
Is 875009 composite?
True
Is 1186 composite?
True
Is 210803 a composite number?
False
Is 389 a prime number?
True
Is 46049 composite?
False
Is 2995 a composite number?
True
Is 69623 a composite number?
False
Is 20899 a prime number?
True
Is 622433 a composite number?
True
Is 8098 a composite number?
True
Is 4489 prime?
False
Is 378581 composite?
True
Is 11105 composite?
True
Is 1935503 a prime number?
False
Is 677 a prime number?
True
Is 7151 composite?
False
Is 31469 a prime number?
True
Is 10762 composite?
True
Is 27361 prime?
True
Is 400679 composite?
False
Is 74297 a composite number?
False
Is 15599 prime?
False
Is 2566 a composite number?
True
Is 7069 prime?
True
Is 49017 prime?
False
Is 2153 composite?
False
Is 253333 a prime number?
False
Is 116329 composite?
False
Is 1363 prime?
False
Is 43727 a prime number?
False
Is 124211 a composite number?
True
Is 5779 a composite number?
False
Is 82529 prime?
True
Is 93629 prime?
True
Is 4922669 a prime number?
True
Is 25969 prime?
True
Is 254579 composite?
True
Is 988571 a prime number?
True
Is 707987 a composite number?
True
Is 413651 a composite number?
True
Is 15653 prime?
False
Is 10691 prime?
True
Is 10061 a prime number?
True
Is 106174 prime?
False
Is 5273 a prime number?
True
Is 9943 a composite number?
True
Is 12794 a prime number?
False
Is 640709 a composite number?
True
Is 1778529 a prime number?
False
Is 18433 prime?
True
Is 150355 prime?
False
Is 2177 a composite number?
True
Is 226906 a composite number?
True
Is 6 a composite number?
True
Is 23957 composite?
False
Is 3274411 a composite number?
True
Is 112459 a prime number?
True
Is 527699 a prime number?
True
Is 65677 composite?
False
Is 15947 a prime number?
False
Is 22189 a prime number?
True
Is 12515 composite?
True
Is 178681 a composite number?
False
Is 1382477 prime?
True
Is 275039 a composite number?
False
Is 1109 prime?
True
Is 1515089 prime?
True
Is 134483 prime?
False
Is 795341 a prime number?
False
Is 10223 a composite number?
False
Is 37055 a prime number?
False
Is 420977 a composite number?
False
Is 298882 a composite number?
True
Is 6707 a prime number?
False
Is 1736251 a prime number?
False
Is 447089 a composite number?
True
Is 178053 a composite number?
True
Is 672589 prime?
False
Is 869 a prime number?
False
Is 2551141 composite?
True
Is 139283 composite?
True
Is 12047 a composite number?
True
Is 8473 a composite number?
True
Is 2151031 composite?
False
Is 4496699 a composite number?
True
Is 1657399 prime?
True
Is 949721 a composite number?
True
Is 544877 a prime number?
True
Is 234445 prime?
False
Is 1389809 a prime number?
True
Is 44201 a composite number?
False
Is 7591 a composite number?
False
Is 567937 a composite number?
False
Is 126079 prime?
True
Is 33569 a prime number?
True
Is 686063 a composite number?
True
Is 5923 a prime number?
True
Is 1782427 prime?
False
Is 763613 a composite number?
False
Is 16477 prime?
True
Is 36503 a composite number?
True
Is 719477 a composite number?
True
Is 9627 prime?
False
Is 12439 a prime number?
False
Is 9533 prime?
True
Is 4391 composite?
False
Is 79301 composite?
False
Is 2467 a prime number?
True
Is 50773 a composite number?
False
Is 34019 prime?
True
Is 6449 a composite number?
False
Is 80953 a prime number?
True
Is 6619 a prime number?
True
Is 32749 prime?
True
Is 629231 a composi